- 5?
-314349
In base 12, what is 2a08 + 9995?
107a1
In base 14, what is -10 - 106228?
-106238
In base 16, what is -11f + -4ba4?
-4cc3
In base 4, what is -120100112102 - 330?
-120100113032
In base 10, what is -3974 + -1139?
-5113
In base 9, what is -33262328 + -2?
-33262331
In base 11, what is -4 - 323a269?
-323a272
In base 8, what is 2760 - -104461?
107441
In base 15, what is a86e9 + -7?
a86e2
In base 11, what is -405643 + 582?
-405071
In base 9, what is 747 + 112381?
113238
In base 13, what is -29 - -38c0?
3894
In base 2, what is 1010000001101010010010 - 0?
1010000001101010010010
In base 11, what is 0 - -1895a32?
1895a32
In base 15, what is -2 + -54a3dd?
-54a3e0
In base 4, what is -31 - 12010200223?
-12010200320
In base 2, what is 100100111 + -1011010101010101?
-1011010000101110
In base 4, what is 1020333 - 11231?
1003102
In base 15, what is -1567 + 49?
-151d
In base 10, what is 124037262 + 1?
124037263
In base 10, what is -3 + 5078663?
5078660
In base 9, what is -105 - -332767?
332662
In base 15, what is 7aa7ab - 2?
7aa7a9
In base 11, what is 4 - 291421?
-291418
In base 3, what is -101101012002212100 - 12?
-101101012002212112
In base 5, what is 1132003 - -1043?
1133101
In base 12, what is -6a724 - 2b8?
-6aa20
In base 12, what is -3429074 - 5?
-3429079
In base 12, what is 1 + -5a81b90?
-5a81b8b
In base 6, what is -10201 - 135020?
-145221
In base 15, what is -2 - 13d98a2a?
-13d98a2c
In base 12, what is -37 - 49365a5?
-4936620
In base 12, what is -6 + -a66676?
-a66680
In base 9, what is -8205533 + -25?
-8205558
In base 6, what is 1452 - -11341032?
11342524
In base 10, what is -1171339 - -282?
-1171057
In base 2, what is 110011001010 - -100010001001?
1010101010011
In base 8, what is 241456 + 26?
241504
In base 10, what is -3 - -237788?
237785
In base 4, what is 21303221023022 - 3?
21303221023013
In base 10, what is 42070505 + 3?
42070508
In base 11, what is 0 - -230a2141?
230a2141
In base 2, what is 111001111001110100010110 + 101?
111001111001110100011011
In base 7, what is -244 + -1562263?
-1562540
In base 8, what is 204030037 - -1?
204030040
In base 7, what is -2546516 + 410?
-2546106
In base 6, what is 5 + -32253514421?
-32253514412
In base 16, what is 97e0 + -139?
96a7
In base 2, what is 11 - 10000100010000101000111?
-10000100010000101000100
In base 15, what is 5e88 - -27bc?
8755
In base 12, what is -3617a4 + -504?
-3620a8
In base 4, what is 131 + 2030301003?
2030301200
In base 9, what is 18265145 - 1?
18265144
In base 7, what is 213 - -643342?
643555
In base 7, what is 4 - 313221533?
-313221526
In base 8, what is 1301234 - 571?
1300443
In base 5, what is 2402 - 2014130?
-2011223
In base 10, what is 7 - 35600786?
-35600779
In base 15, what is 4 - db6c?
-db68
In base 3, what is -1111 + 1002221102221?
1002221101110
In base 15, what is -c8b + 1d2a?
108e
In base 11, what is -a02844 - 1?
-a02845
In base 4, what is -3 + -3023303000?
-3023303003
In base 14, what is 3dba - 2393?
1a27
In base 6, what is 45133505 - 2015?
45131450
In base 3, what is -120102120222222 + 10?
-120102120222212
In base 10, what is -131 - 1443875?
-1444006
In base 2, what is -1000010110010101001011001000 - -110?
-1000010110010101001011000010
In base 15, what is 13a2 + -d0?
12c2
In base 3, what is -2 + -1121100221101?
-1121100221110
In base 10, what is 3 - 23178460?
-23178457
In base 4, what is 100032311 + 1013112?
101112023
In base 16, what is -4c1 + 2a1c?
255b
In base 15, what is -39 + 4ec4?
4e8a
In base 15, what is 3b29e11 + -1?
3b29e10
In base 14, what is -a5750 + -469?
-a5bb9
In base 6, what is -14211 + 3442223?
3424012
In base 2, what is 1010110100110101 - 100001?
1010110100010100
In base 16, what is -154bd - -11?
-154ac
In base 16, what is -3 + -10f0c9f?
-10f0ca2
In base 6, what is 10521 + -3152440?
-3141515
In base 3, what is -1201121222 + -2100?
-1201201022
In base 10, what is 4954642 - 75?
4954567
In base 14, what is 4839 - -56?
4891
In base 2, what is -110110000110010101101001 + -11?
-110110000110010101101100
In base 15, what is -29c + -164?
-411
In base 6, what is -1432511333 - 2?
-1432511335
In base 9, what is 388303 + -348?
387844
In base 11, what is 1 + -a31aa1?
-a31aa0
In base 12, what is 5 + -9a6ab7?
-9a6ab2
In base 15, what is -69 + -2047c?
-204e6
In base 10, what is 0 - -3311623?
3311623
In base 14, what is -503 + 2915?
2412
In base 11, what is -4435 - -11?
-4424
In base 3, what is -10 + 22120011222100?
22120011222020
In base 2, what is 10100011000001000110001110 - -101?
10100011000001000110010011
In base 14, what is 0 + -460a46?
-460a46
In base 9, what is -2 - -625605561?
625605558
In base 16, what is 4 - 2541f8?
-2541f4
In base 9, what is -151174 + -2057?
-153242
In base 8, what is -74016 - -300?
-73516
In base 8, what is 30306 - 5314?
22772
In base 16, what is -b17e9a + -2?
-b17e9c
In base 14, what is d18 - -12b?
1045
In base 13, what is -85 - -20c10?
20b58
In base 11, what is 169453 + -40?
169413
In base 9, what is 1083 + -8364?
-7271
In base 10, what is 6144 - -90543?
96687
In base 10, what is -102 - -1304537?
1304435
In base 7, what is 142266 + 11603?
154202
In base 14, what is 2c17d49 + 3?
2c17d4c
In base 15, what is 1bcd8 - -6?
1bcde
In base 11, what is 247894 + 454?
248238
In base 6, what is -402053453 - -1?
-402053452
In base 4, what is 0 - -10131303303?
10131303303
In base 10, what is -527 - 240060?
-240587
In base 12, what is -7 - -307211?
307206
In base 5, what is -1131414322 - 14?
-1131414341
In base 10, what is 2623820 - -194?
2624014
In base 3, what is 2120120002011 + -220?
2120120001021
In base 7, what is -134040 + -22325?
-156365
In base 15, what is -1 + -34e38c?
-34e38d
In base 12, what is b5916b + 37?
b591a6
In base 4, what is 2013 + 2213233?
2221312
In base 16, what is -a5 + -99a94?
-99b39
In base 16, what is 2 - 19b3721?
-19b371f
In base 13, what is -553c3 - -56a?
-54b56
In base 4, what is -32201 - -13230311?
13132110
In base 5, what is 1343 + 23310404?
23312302
In base 3, what is -20201120 + 220200000?
122221110
In base 7, what is -62 - 14523002?
-14523064
In base 2, what is -100000010111011 + -1000011111101?
-101000110111000
In base 16, what is -632b3a + -2?
-632b3c
In base 5, what is -13133412 - 3422?
-13142334
In base 7, what is 1 - -11516566012?
11516566013
In base 12, what is -13ab + 11666?
10277
In base 10, what is 1 - -18197222?
18197223
In base 13, what is -5 - -2175b30?
2175b28
In base 11, what is 70a - -26794?
273a3
In base 15, what is 4 - -b706e1?
b706e5
In base 12, what is -742 + -19?
-75b
In base 13, what is aa + -6a75c?
-6a682
In base 13, what is 8547a8 + 24?
8547cc
In base 11, what is -212a250 + -83?
-212a323
In base 5, what is 111110 + -120300?
-4140
In base 15, what is 64ae + -265?
6249
In base 15, what is 1 + b3aa2d?
b3aa2e
In base 7, what is -23 - 54564450?
-54564503
In base 8, what is 215 - -1514664?
1515101
In base 7, what is -1441 + -55224?
-56665
In base 2, what is 1011100001111001111101 - -100?
1011100001111010000001
In base 9, what is 165146 + 18?
165165
In base 12, what is 16b79 - b639?
7540
In base 2, what is -101 - -11001001010000011011111111?
11001001010000011011111010
In base 8, what is -4 - 5140443?
-5140447
In base 12, what is -b2 + 2056b?
20479
In base 12, what is 13 + 793800?
793813
In base 5, what is -11212001 - 30?
-11212031
In base 12, what is 4 + -5b756a?
-5b7566
In base 13, what is -27c6 + 1a32c?
17836
In base 12, what is -121794 - 17?
-1217ab
In base 3, what is 211 - 10110212022101?
-10110212021120
In base 10, what is -142 - 16091?
-16233
In base 14, what is -413c5 - 2a?
-41411
In base 7, what is -224512054 + -5?
-224512062
In base 14, what is -d54c + -178?
-d6c6
In base 8, what is 110545534 - 2?
110545532
In base 15, what is -4 + -2ccd79?
-2ccd7d
In base 8, what is -1700551 + 57?
-1700472
In base 13, what is -83 + -7c6742?
-7c67c5
In base 9, what is -3434 + 13766?
10332
In base 14, what is 2a + -11711?
-116c5
In base 15, what is -b + -d34b?
-d357
In base 10, what is 11369582 + 4?
11369586
In base 4, what is 3 + 122202132200322?
122202132200331
In base 2, what is -10101100001010010101000 + -10011?
-10101100001010010111011
In base 6, what is 11154322 + -13?
11154305
In base 4, what is 111200330030 - 200?
111200323230
In base 11, what is 4 + -47030a5?
-47030a1
In base 5, what is 402 + -4223220